{"id":182,"date":"2020-11-25T13:08:36","date_gmt":"2020-11-25T12:08:36","guid":{"rendered":"https:\/\/www.comverga.com\/?page_id=182"},"modified":"2026-02-27T15:28:24","modified_gmt":"2026-02-27T14:28:24","slug":"agregace-konektivity","status":"publish","type":"page","link":"https:\/\/www.comverga.com\/cze\/sluzby\/agregace-konektivity\/","title":{"rendered":"Agregace konektivity"},"content":{"rendered":"\n<p>Pokud pot\u0159ebujete rychle a efektivn\u011b komunikovat s va\u0161imi partnery, z\u00e1kazn\u00edky, klienty, vyu\u017eijte komunikaci prost\u0159ednictv\u00edm SMS. SMS m\u016f\u017eete pou\u017e\u00edvat jednosm\u011brn\u011b nap\u0159. k informov\u00e1n\u00ed sv\u00fdch z\u00e1kazn\u00edk\u016f o novink\u00e1ch, cenov\u00fdch nab\u00eddk\u00e1ch, aktu\u00e1ln\u00edch slev\u00e1ch. Nebo je mo\u017en\u00e9 obousm\u011brn\u011b pomoc\u00ed SMS ankety a kampan\u011b kontaktovat nap\u0159. z\u00e1kazn\u00edky, ob\u010dany a zp\u011btn\u011b zpracovat jejich odpov\u011bdi.<br>Krom\u011b SMS m\u016f\u017eete ve sv\u00e9 komunikaci vyu\u017e\u00edvat i hlasov\u00e9 zpr\u00e1vy, emaily a r\u016fzn\u00e9 komunika\u010dn\u00ed aplikace.<\/p>\n","protected":false},"excerpt":{"rendered":"<p>Pokud pot\u0159ebujete rychle a efektivn\u011b komunikovat s va\u0161imi partnery, z\u00e1kazn\u00edky, klienty, vyu\u017eijte komunikaci prost\u0159ednictv\u00edm SMS. SMS m\u016f\u017eete pou\u017e\u00edvat jednosm\u011brn\u011b nap\u0159. k informov\u00e1n\u00ed sv\u00fdch z\u00e1kazn\u00edk\u016f o novink\u00e1ch, cenov\u00fdch nab\u00eddk\u00e1ch, aktu\u00e1ln\u00edch slev\u00e1ch. Nebo je mo\u017en\u00e9 obousm\u011brn\u011b pomoc\u00ed SMS ankety a kampan\u011b kontaktovat nap\u0159. z\u00e1kazn\u00edky, ob\u010dany a zp\u011btn\u011b zpracovat jejich odpov\u011bdi.Krom\u011b SMS m\u016f\u017eete ve sv\u00e9 komunikaci vyu\u017e\u00edvat i [&hellip;]<\/p>\n","protected":false},"author":1,"featured_media":1215,"parent":2676,"menu_order":103,"comment_status":"closed","ping_status":"closed","template":"","meta":{"footnotes":""},"_links":{"self":[{"href":"https:\/\/www.comverga.com\/cze\/wp-json\/wp\/v2\/pages\/182"}],"collection":[{"href":"https:\/\/www.comverga.com\/cze\/wp-json\/wp\/v2\/pages"}],"about":[{"href":"https:\/\/www.comverga.com\/cze\/wp-json\/wp\/v2\/types\/page"}],"author":[{"embeddable":true,"href":"https:\/\/www.comverga.com\/cze\/wp-json\/wp\/v2\/users\/1"}],"replies":[{"embeddable":true,"href":"https:\/\/www.comverga.com\/cze\/wp-json\/wp\/v2\/comments?post=182"}],"version-history":[{"count":2,"href":"https:\/\/www.comverga.com\/cze\/wp-json\/wp\/v2\/pages\/182\/revisions"}],"predecessor-version":[{"id":6068,"href":"https:\/\/www.comverga.com\/cze\/wp-json\/wp\/v2\/pages\/182\/revisions\/6068"}],"up":[{"embeddable":true,"href":"https:\/\/www.comverga.com\/cze\/wp-json\/wp\/v2\/pages\/2676"}],"wp:featuredmedia":[{"embeddable":true,"href":"https:\/\/www.comverga.com\/cze\/wp-json\/wp\/v2\/media\/1215"}],"wp:attachment":[{"href":"https:\/\/www.comverga.com\/cze\/wp-json\/wp\/v2\/media?parent=182"}],"curies":[{"name":"wp","href":"https:\/\/api.w.org\/{rel}","templated":true}]}}