{"id":3015,"date":"2023-04-23T21:33:25","date_gmt":"2023-04-23T19:33:25","guid":{"rendered":"https:\/\/www.comverga.com\/deu\/?page_id=3015"},"modified":"2024-06-06T06:31:35","modified_gmt":"2024-06-06T04:31:35","slug":"was-machen-wir","status":"publish","type":"page","link":"https:\/\/www.comverga.com\/deu\/was-machen-wir\/","title":{"rendered":"Was wir machen"},"content":{"rendered":"\t\t<div data-elementor-type=\"wp-page\" data-elementor-id=\"3015\" class=\"elementor elementor-3015\">\n\t\t\t\t\t\t\t\t\t<section class=\"elementor-section elementor-top-section elementor-element elementor-element-500c4b78 elementor-section-boxed elementor-section-height-default elementor-section-height-default\" data-id=\"500c4b78\" data-element_type=\"section\">\n\t\t\t\t\t\t<div class=\"elementor-container elementor-column-gap-default\">\n\t\t\t\t\t<div class=\"elementor-column elementor-col-100 elementor-top-column elementor-element elementor-element-3e0c2749\" data-id=\"3e0c2749\" data-element_type=\"column\">\n\t\t\t<div class=\"elementor-widget-wrap elementor-element-populated\">\n\t\t\t\t\t\t\t\t<div class=\"elementor-element elementor-element-7f488588 elementor-widget elementor-widget-text-editor\" data-id=\"7f488588\" data-element_type=\"widget\" data-widget_type=\"text-editor.default\">\n\t\t\t\t<div class=\"elementor-widget-container\">\n\t\t\t\t\t\t\t<p>Wir sind ein stabiles Familienunternehmen, das sich st\u00e4ndig weiterentwickelt und neuen Trends folgt. Wir blicken auf eine zwanzigj\u00e4hrige erfolgreiche Geschichte in der Telekommunikationsbranche zur\u00fcck. Durch die Qualit\u00e4t unserer Dienstleistungen und die Suche nach gemeinsamen L\u00f6sungen bauen wir eine f\u00fchrende Position unter den europ\u00e4ischen Unternehmen auf dem Kommunikations- und IT-Markt auf.<\/p>\t\t\t\t\t\t<\/div>\n\t\t\t\t<\/div>\n\t\t\t\t\t<\/div>\n\t\t<\/div>\n\t\t\t\t\t\t\t<\/div>\n\t\t<\/section>\n\t\t\t\t<section class=\"elementor-section elementor-top-section elementor-element elementor-element-5995c89 elementor-section-boxed elementor-section-height-default elementor-section-height-default\" data-id=\"5995c89\" data-element_type=\"section\" data-no-translation=\"\">\n\t\t\t\t\t\t<div class=\"elementor-container elementor-column-gap-default\">\n\t\t\t\t\t<div class=\"elementor-column elementor-col-100 elementor-top-column elementor-element elementor-element-28b04ee\" data-id=\"28b04ee\" data-element_type=\"column\">\n\t\t\t<div class=\"elementor-widget-wrap elementor-element-populated\">\n\t\t\t\t\t\t\t\t<div class=\"elementor-element elementor-element-fafc779 elementor-hidden-mobile elementor-widget elementor-widget-html\" data-id=\"fafc779\" data-element_type=\"widget\" data-widget_type=\"html.default\">\n\t\t\t\t<div class=\"elementor-widget-container\">\n\t\t\t<style>\n      #wrap {\n        width: 100%;\n        height: 500px;\n        padding: 0;\n      }\n      #scaled-frame {\n        width: 100%;\n        height: 500px;\n        border: 0px;\n      }\n    <\/style>\n\n<div id=\"wrap\">\n\n<iframe id=\"scaled-frame\" src=\"https:\/\/www.comverga.com\/deu\/cibule-nahled\/\" scrolling=\"no\"><\/iframe>\n\n<\/div>\t\t<\/div>\n\t\t\t\t<\/div>\n\t\t\t\t<div class=\"elementor-element elementor-element-72f1631 elementor-hidden-desktop elementor-hidden-tablet elementor-widget elementor-widget-image\" data-id=\"72f1631\" data-element_type=\"widget\" data-no-translation=\"\" data-widget_type=\"image.default\">\n\t\t\t\t<div class=\"elementor-widget-container\">\n\t\t\t\t\t\t\t\t\t\t\t\t\t\t\t<img fetchpriority=\"high\" decoding=\"async\" width=\"580\" height=\"445\" src=\"https:\/\/www.comverga.com\/deu\/wp-content\/uploads\/sites\/4\/2023\/12\/cibule-deu.png\" class=\"attachment-large size-large wp-image-3661\" alt=\"\" srcset=\"https:\/\/www.comverga.com\/deu\/wp-content\/uploads\/sites\/4\/2023\/12\/cibule-deu.png 601w, https:\/\/www.comverga.com\/deu\/wp-content\/uploads\/sites\/4\/2023\/12\/cibule-deu-300x230.png 300w, https:\/\/www.comverga.com\/deu\/wp-content\/uploads\/sites\/4\/2023\/12\/cibule-deu-16x12.png 16w\" sizes=\"(max-width: 580px) 100vw, 580px\" \/>\t\t\t\t\t\t\t\t\t\t\t\t\t\t\t<\/div>\n\t\t\t\t<\/div>\n\t\t\t\t\t<\/div>\n\t\t<\/div>\n\t\t\t\t\t\t\t<\/div>\n\t\t<\/section>\n\t\t\t\t<section class=\"elementor-section elementor-top-section elementor-element elementor-element-63fa7633 elementor-section-boxed elementor-section-height-default elementor-section-height-default\" data-id=\"63fa7633\" data-element_type=\"section\">\n\t\t\t\t\t\t<div class=\"elementor-container elementor-column-gap-default\">\n\t\t\t\t\t<div class=\"elementor-column elementor-col-100 elementor-top-column elementor-element elementor-element-32885f9d\" data-id=\"32885f9d\" data-element_type=\"column\">\n\t\t\t<div class=\"elementor-widget-wrap elementor-element-populated\">\n\t\t\t\t\t\t\t\t<div class=\"elementor-element elementor-element-7a61c55e elementor-widget elementor-widget-text-editor\" data-id=\"7a61c55e\" data-element_type=\"widget\" data-widget_type=\"text-editor.default\">\n\t\t\t\t<div class=\"elementor-widget-container\">\n\t\t\t\t\t\t\t<p>Wir entwickeln und betreiben unsere eigene Infrastruktur, um Dienste unabh\u00e4ngig von Technologien, Anbietern und Netzen anbieten zu k\u00f6nnen. Wir verbinden verschiedene Netze und Host-Provider mit unserer Infrastruktur, um unseren Partnern und Kunden eine Reihe von konvergenten Diensten anzubieten.<\/p>\t\t\t\t\t\t<\/div>\n\t\t\t\t<\/div>\n\t\t\t\t<div class=\"elementor-element elementor-element-2e900c6 elementor-widget elementor-widget-heading\" data-id=\"2e900c6\" data-element_type=\"widget\" data-widget_type=\"heading.default\">\n\t\t\t\t<div class=\"elementor-widget-container\">\n\t\t\t<h2 class=\"elementor-heading-title elementor-size-default\">Was sind konvergente Dienste?<\/h2>\t\t<\/div>\n\t\t\t\t<\/div>\n\t\t\t\t<div class=\"elementor-element elementor-element-3da58e6 elementor-widget elementor-widget-text-editor\" data-id=\"3da58e6\" data-element_type=\"widget\" data-widget_type=\"text-editor.default\">\n\t\t\t\t<div class=\"elementor-widget-container\">\n\t\t\t\t\t\t\t<p>Konvergente Dienste sind Dienstleistungen, die traditionell getrennte Technologien oder Bereiche miteinander verschmelzen lassen, um eine integrierte und verbesserte Nutzererfahrung zu bieten. Dies kann beispielsweise die Kombination von Telekommunikationsdiensten (wie Telefonie, Internet und Fernsehen) oder die Integration von verschiedenen Funktionen und Diensten in einem einzigen Ger\u00e4t oder einer Plattform umfassen.<\/p><p>Ein typisches Beispiel f\u00fcr konvergente Dienste sind Angebote, die sowohl Festnetz- als auch Mobiltelefonie, Internetzugang und Fernseh\u00fcbertragung \u00fcber eine einzige Infrastruktur oder Plattform anbieten. Durch die Konvergenz dieser Dienste k\u00f6nnen Benutzer von einer nahtlosen Integration und einem verbesserten Nutzererlebnis profitieren, indem sie mehrere Dienste \u00fcber eine gemeinsame Schnittstelle oder ein gemeinsames Abrechnungssystem nutzen k\u00f6nnen.<\/p>\t\t\t\t\t\t<\/div>\n\t\t\t\t<\/div>\n\t\t\t\t\t<\/div>\n\t\t<\/div>\n\t\t\t\t\t\t\t<\/div>\n\t\t<\/section>\n\t\t\t\t\t\t\t<\/div>\n\t\t","protected":false},"excerpt":{"rendered":"<p>Wir sind ein stabiles Familienunternehmen, das sich st\u00e4ndig weiterentwickelt und neuen Trends folgt. Wir blicken auf eine zwanzigj\u00e4hrige erfolgreiche Geschichte in der Telekommunikationsbranche zur\u00fcck. Durch die Qualit\u00e4t unserer Dienstleistungen und die Suche nach gemeinsamen L\u00f6sungen bauen wir eine f\u00fchrende Position unter den europ\u00e4ischen Unternehmen auf dem Kommunikations- und IT-Markt auf. Wir entwickeln und betreiben unsere [&hellip;]<\/p>\n","protected":false},"author":1,"featured_media":147,"parent":0,"menu_order":0,"comment_status":"closed","ping_status":"closed","template":"","meta":{"footnotes":""},"_links":{"self":[{"href":"https:\/\/www.comverga.com\/deu\/wp-json\/wp\/v2\/pages\/3015"}],"collection":[{"href":"https:\/\/www.comverga.com\/deu\/wp-json\/wp\/v2\/pages"}],"about":[{"href":"https:\/\/www.comverga.com\/deu\/wp-json\/wp\/v2\/types\/page"}],"author":[{"embeddable":true,"href":"https:\/\/www.comverga.com\/deu\/wp-json\/wp\/v2\/users\/1"}],"replies":[{"embeddable":true,"href":"https:\/\/www.comverga.com\/deu\/wp-json\/wp\/v2\/comments?post=3015"}],"version-history":[{"count":36,"href":"https:\/\/www.comverga.com\/deu\/wp-json\/wp\/v2\/pages\/3015\/revisions"}],"predecessor-version":[{"id":3761,"href":"https:\/\/www.comverga.com\/deu\/wp-json\/wp\/v2\/pages\/3015\/revisions\/3761"}],"wp:featuredmedia":[{"embeddable":true,"href":"https:\/\/www.comverga.com\/deu\/wp-json\/wp\/v2\/media\/147"}],"wp:attachment":[{"href":"https:\/\/www.comverga.com\/deu\/wp-json\/wp\/v2\/media?parent=3015"}],"curies":[{"name":"wp","href":"https:\/\/api.w.org\/{rel}","templated":true}]}}