{"id":394,"date":"2020-11-25T15:29:30","date_gmt":"2020-11-25T14:29:30","guid":{"rendered":"https:\/\/www.comverga.com\/?page_id=394"},"modified":"2023-03-09T16:26:37","modified_gmt":"2023-03-09T15:26:37","slug":"mission-2","status":"publish","type":"page","link":"https:\/\/www.comverga.com\/deu\/mission-2\/","title":{"rendered":"Mission"},"content":{"rendered":"\t\t<div data-elementor-type=\"wp-page\" data-elementor-id=\"394\" class=\"elementor elementor-394\">\n\t\t\t\t\t\t\t\t\t<section class=\"elementor-section elementor-top-section elementor-element elementor-element-ec8913f elementor-section-boxed elementor-section-height-default elementor-section-height-default\" data-id=\"ec8913f\" data-element_type=\"section\">\n\t\t\t\t\t\t<div class=\"elementor-container elementor-column-gap-default\">\n\t\t\t\t\t<div class=\"elementor-column elementor-col-100 elementor-top-column elementor-element elementor-element-79ca4e3d\" data-id=\"79ca4e3d\" data-element_type=\"column\">\n\t\t\t<div class=\"elementor-widget-wrap elementor-element-populated\">\n\t\t\t\t\t\t\t\t<div class=\"elementor-element elementor-element-39237b6f elementor-widget elementor-widget-text-editor\" data-id=\"39237b6f\" data-element_type=\"widget\" data-widget_type=\"text-editor.default\">\n\t\t\t\t<div class=\"elementor-widget-container\">\n\t\t\t\t\t\t\t<!-- wp:paragraph -->\n<p>Wir sind ein stabiles Familienunternehmen, entwickeln uns st\u00e4ndig weiter und folgen neuen Trends, um ein f\u00fchrender Anbieter moderner Telekommunikationsdienste zu werden. Unser Ziel ist es, der bevorzugte Kommunikationspartner des Kunden zu sein. Durch die Qualit\u00e4t der Dienstleistungen und die Suche nach gemeinsamen L\u00f6sungen wollen wir eine f\u00fchrende Position unter europ\u00e4ischen Unternehmen im Kommunikations- und IT-Markt mit globaler Reichweite aufbauen.<\/p>\n<!-- \/wp:paragraph -->\n\n<!-- wp:paragraph -->\n<p>Wir reagieren flexibel auf die Bed\u00fcrfnisse unserer Kunden und bieten ihnen kosteng\u00fcnstige und funktional optimale L\u00f6sungen. Wir m\u00f6chten ein Partner sein, der die Arbeit vereinfacht, den Betrieb des Unternehmens verbessert und die Entwicklung neuer Gesch\u00e4ftsmodelle mit modernen und fortschrittlichen Kommunikationstechnologien erm\u00f6glicht. Wir legen gro\u00dfen Wert auf den ethischen Aspekt des Gesch\u00e4fts, mit besonderem Augenmerk auf den Respekt gegen\u00fcber der anderen Person &#8211; dem Kunden, Partner und Lieferanten.<\/p>\n<!-- \/wp:paragraph -->\t\t\t\t\t\t<\/div>\n\t\t\t\t<\/div>\n\t\t\t\t\t<\/div>\n\t\t<\/div>\n\t\t\t\t\t\t\t<\/div>\n\t\t<\/section>\n\t\t\t\t\t\t\t<\/div>\n\t\t","protected":false},"excerpt":{"rendered":"<p>Wir sind ein stabiles Familienunternehmen, entwickeln uns st\u00e4ndig weiter und folgen neuen Trends, um ein f\u00fchrender Anbieter moderner Telekommunikationsdienste zu werden. Unser Ziel ist es, der bevorzugte Kommunikationspartner des Kunden zu sein. Durch die Qualit\u00e4t der Dienstleistungen und die Suche nach gemeinsamen L\u00f6sungen wollen wir eine f\u00fchrende Position unter europ\u00e4ischen Unternehmen im Kommunikations- und IT-Markt [&hellip;]<\/p>\n","protected":false},"author":1,"featured_media":145,"parent":0,"menu_order":0,"comment_status":"closed","ping_status":"closed","template":"","meta":{"footnotes":""},"_links":{"self":[{"href":"https:\/\/www.comverga.com\/deu\/wp-json\/wp\/v2\/pages\/394"}],"collection":[{"href":"https:\/\/www.comverga.com\/deu\/wp-json\/wp\/v2\/pages"}],"about":[{"href":"https:\/\/www.comverga.com\/deu\/wp-json\/wp\/v2\/types\/page"}],"author":[{"embeddable":true,"href":"https:\/\/www.comverga.com\/deu\/wp-json\/wp\/v2\/users\/1"}],"replies":[{"embeddable":true,"href":"https:\/\/www.comverga.com\/deu\/wp-json\/wp\/v2\/comments?post=394"}],"version-history":[{"count":3,"href":"https:\/\/www.comverga.com\/deu\/wp-json\/wp\/v2\/pages\/394\/revisions"}],"predecessor-version":[{"id":2517,"href":"https:\/\/www.comverga.com\/deu\/wp-json\/wp\/v2\/pages\/394\/revisions\/2517"}],"wp:featuredmedia":[{"embeddable":true,"href":"https:\/\/www.comverga.com\/deu\/wp-json\/wp\/v2\/media\/145"}],"wp:attachment":[{"href":"https:\/\/www.comverga.com\/deu\/wp-json\/wp\/v2\/media?parent=394"}],"curies":[{"name":"wp","href":"https:\/\/api.w.org\/{rel}","templated":true}]}}