{"id":2806,"date":"2023-04-05T09:03:32","date_gmt":"2023-04-05T07:03:32","guid":{"rendered":"https:\/\/www.comverga.com\/?page_id=2806"},"modified":"2024-01-05T09:20:28","modified_gmt":"2024-01-05T09:20:28","slug":"news","status":"publish","type":"page","link":"https:\/\/www.comverga.com\/int\/cs\/news\/","title":{"rendered":"Aktuality"},"content":{"rendered":"<div data-elementor-type=\"wp-page\" data-elementor-id=\"2806\" class=\"elementor elementor-2806\">\n\t\t\t\t\t\t\t\t\t<section class=\"elementor-section elementor-top-section elementor-element elementor-element-66799f31 elementor-section-boxed elementor-section-height-default elementor-section-height-default\" data-id=\"66799f31\" data-element_type=\"section\">\n\t\t\t\t\t\t<div class=\"elementor-container elementor-column-gap-default\">\n\t\t\t\t\t<div class=\"elementor-column elementor-col-100 elementor-top-column elementor-element elementor-element-5f840b91\" data-id=\"5f840b91\" data-element_type=\"column\">\n\t\t\t<div class=\"elementor-widget-wrap elementor-element-populated\">\n\t\t\t\t\t\t\t\t<div class=\"elementor-element elementor-element-12e7b8a1 premium-blog-cta-full-yes premium-blog-align-justify elementor-widget elementor-widget-premium-addon-blog\" data-id=\"12e7b8a1\" data-element_type=\"widget\" data-settings=\"{&quot;scroll_to_offset&quot;:&quot;yes&quot;}\" data-widget_type=\"premium-addon-blog.default\">\n\t\t\t\t<div class=\"elementor-widget-container\">\n\t\t\t\r\n\t\t\t\t<div class=\"premium-blog-wrap  premium-blog-list\" data-page=\"2806\" data-pagination=\"true\">\r\n\t\t\t\t\t<article class=\"premium-blog-post-outer-container\" data-total=\"5\">\r\n\t\t\t<div class=\"premium-blog-post-container premium-blog-skin-classic\">\r\n\t\t\t\t\t\t\t\t\t\t\t\t<div class=\"premium-blog-content-wrapper empty-thumb\">\r\n\r\n\t\t\t\t\t<div class=\"premium-blog-inner-container\">\r\n\r\n\t\t\t\t\t\t\t\t\t\t\t\t\t\t<h2 class=\"premium-blog-entry-title\">\r\n\t\t\t<a href=\"https:\/\/www.comverga.com\/int\/cs\/comverga-25-years\/\" target=\"_blank\">\r\n\t\t\t\tCOMVERGA 25 let\t\t\t<\/a>\r\n\t\t<\/h2>\r\n\t\t\t\t<div class=\"premium-blog-entry-meta\">\r\n\t\t\t\r\n\t\t\t\t\t\t\t<span class=\"premium-blog-meta-separator\">\u2022<\/span>\r\n\t\t\t\t<div class=\"premium-blog-post-time premium-blog-meta-data\">\r\n\t\t\t\t\t<i class=\"fa fa-calendar-alt\" aria-hidden=\"true\"><\/i>\r\n\t\t\t\t\t<span>8 \u00fanora, 2026<\/span>\r\n\t\t\t\t<\/div>\r\n\t\t\t\r\n\t\t\t\r\n\t\t\t\t\t<\/div>\r\n\t\t\r\n\t\t\t\t\t<\/div>\r\n\r\n\t\t\t\t\t\t\t<div class=\"premium-blog-content-inner-wrapper\">\r\n\t\t<p class=\"premium-blog-post-content\">Letos spole\u010dnost COMVERGA slav\u00ed 25 let na trhu. Pro n\u00e1s to nen\u00ed jen oslava v\u00fdro\u010d\u00ed \u2013 je to pocta \u010dtvrtstolet\u00ed inovac\u00ed, r\u016fstu a spole\u010dn\u00fdch \u00fasp\u011bch\u016f.<\/p><div class=\"premium-blog-excerpt-link-wrap\"><a href=\"https:\/\/www.comverga.com\/int\/cs\/comverga-25-years\/\" target=\"_blank\" class=\"premium-blog-excerpt-link elementor-button\">V\u00edce<\/a><\/div>\t\t<\/div>\r\n\t\t\t\t\t\t\t\t\t\t\t\t\t<div class=\"premium-blog-post-tags-container\">\r\n\t\t\t\t\t\t\t\t<i class=\"fa fa-tags fa-fw\" aria-hidden=\"true\"><\/i>\r\n\t\t\t\t\t\t\t\t <a href=\"https:\/\/www.comverga.com\/int\/cs\/tag\/prague\/\" rel=\"tag\">Praha<\/a>\t\t\t\t\t\t<\/div>\r\n\t\t\t\t\t\r\n\t\t\t\t<\/div>\r\n\t\t\t<\/div>\r\n\t\t<\/article>\r\n\r\n\t\t\t\t<article class=\"premium-blog-post-outer-container\" data-total=\"5\">\r\n\t\t\t<div class=\"premium-blog-post-container premium-blog-skin-classic\">\r\n\t\t\t\t\t\t\t\t\t\t\t\t<div class=\"premium-blog-content-wrapper empty-thumb\">\r\n\r\n\t\t\t\t\t<div class=\"premium-blog-inner-container\">\r\n\r\n\t\t\t\t\t\t\t\t\t\t\t\t\t\t<h2 class=\"premium-blog-entry-title\">\r\n\t\t\t<a href=\"https:\/\/www.comverga.com\/int\/cs\/gammaverse-2026\/\" target=\"_blank\">\r\n\t\t\t\tGammaverse 2026\t\t\t<\/a>\r\n\t\t<\/h2>\r\n\t\t\t\t<div class=\"premium-blog-entry-meta\">\r\n\t\t\t\r\n\t\t\t\t\t\t\t<span class=\"premium-blog-meta-separator\">\u2022<\/span>\r\n\t\t\t\t<div class=\"premium-blog-post-time premium-blog-meta-data\">\r\n\t\t\t\t\t<i class=\"fa fa-calendar-alt\" aria-hidden=\"true\"><\/i>\r\n\t\t\t\t\t<span>26 ledna, 2026<\/span>\r\n\t\t\t\t<\/div>\r\n\t\t\t\r\n\t\t\t\r\n\t\t\t\t\t<\/div>\r\n\t\t\r\n\t\t\t\t\t<\/div>\r\n\r\n\t\t\t\t\t\t\t<div class=\"premium-blog-content-inner-wrapper\">\r\n\t\t<p class=\"premium-blog-post-content\">M\u011bli jsme tu \u010dest z\u00fa\u010dastnit se konference Gammaverse 2026 v n\u011bmeck\u00e9m Hofu, kter\u00e1 byla opravdu inspirativn\u00ed.<\/p><div class=\"premium-blog-excerpt-link-wrap\"><a href=\"https:\/\/www.comverga.com\/int\/cs\/gammaverse-2026\/\" target=\"_blank\" class=\"premium-blog-excerpt-link elementor-button\">V\u00edce<\/a><\/div>\t\t<\/div>\r\n\t\t\t\t\t\t\t\t\t\t\t\t\t<div class=\"premium-blog-post-tags-container\">\r\n\t\t\t\t\t\t\t\t<i class=\"fa fa-tags fa-fw\" aria-hidden=\"true\"><\/i>\r\n\t\t\t\t\t\t\t\t <a href=\"https:\/\/www.comverga.com\/int\/cs\/tag\/hof-germany\/\" rel=\"tag\">Hof, N\u011bmecko<\/a>\t\t\t\t\t\t<\/div>\r\n\t\t\t\t\t\r\n\t\t\t\t<\/div>\r\n\t\t\t<\/div>\r\n\t\t<\/article>\r\n\r\n\t\t\t\t<article class=\"premium-blog-post-outer-container\" data-total=\"5\">\r\n\t\t\t<div class=\"premium-blog-post-container premium-blog-skin-classic\">\r\n\t\t\t\t\t\t\t\t\t\t\t\t<div class=\"premium-blog-content-wrapper empty-thumb\">\r\n\r\n\t\t\t\t\t<div class=\"premium-blog-inner-container\">\r\n\r\n\t\t\t\t\t\t\t\t\t\t\t\t\t\t<h2 class=\"premium-blog-entry-title\">\r\n\t\t\t<a href=\"https:\/\/www.comverga.com\/int\/cs\/comverga-and-esim-management\/\" target=\"_blank\">\r\n\t\t\t\tCOMVERGA a eSIM Management\t\t\t<\/a>\r\n\t\t<\/h2>\r\n\t\t\t\t<div class=\"premium-blog-entry-meta\">\r\n\t\t\t\r\n\t\t\t\t\t\t\t<span class=\"premium-blog-meta-separator\">\u2022<\/span>\r\n\t\t\t\t<div class=\"premium-blog-post-time premium-blog-meta-data\">\r\n\t\t\t\t\t<i class=\"fa fa-calendar-alt\" aria-hidden=\"true\"><\/i>\r\n\t\t\t\t\t<span>1 \u0159\u00edjna, 2025<\/span>\r\n\t\t\t\t<\/div>\r\n\t\t\t\r\n\t\t\t\r\n\t\t\t\t\t<\/div>\r\n\t\t\r\n\t\t\t\t\t<\/div>\r\n\r\n\t\t\t\t\t\t\t<div class=\"premium-blog-content-inner-wrapper\">\r\n\t\t<p class=\"premium-blog-post-content\">COMVERGA nab\u00edz\u00ed centr\u00e1ln\u00ed eSIM platformu, kter\u00e1 umo\u017e\u0148uje komplexn\u00ed a flexibiln\u00ed spr\u00e1vu p\u0159ipojen\u00ed v\u0161ech za\u0159\u00edzen\u00ed odkudkoli na sv\u011bt\u011b. Poskytuje kompletn\u00ed \u0159e\u0161en\u00ed v\u010detn\u011b white-label platformy, kter\u00e1 usnad\u0148uje \u0159\u00edzen\u00ed businessu a integraci do firemn\u00edch proces\u016f.<\/p><div class=\"premium-blog-excerpt-link-wrap\"><a href=\"https:\/\/www.comverga.com\/int\/cs\/comverga-and-esim-management\/\" target=\"_blank\" class=\"premium-blog-excerpt-link elementor-button\">V\u00edce<\/a><\/div>\t\t<\/div>\r\n\t\t\t\t\t\t\t\t\t\t\t\t\t<div class=\"premium-blog-post-tags-container\">\r\n\t\t\t\t\t\t\t\t<i class=\"fa fa-tags fa-fw\" aria-hidden=\"true\"><\/i>\r\n\t\t\t\t\t\t\t\t <a href=\"https:\/\/www.comverga.com\/int\/cs\/tag\/czech-republic\/\" rel=\"tag\">\u010cesk\u00e1 republika<\/a>\t\t\t\t\t\t<\/div>\r\n\t\t\t\t\t\r\n\t\t\t\t<\/div>\r\n\t\t\t<\/div>\r\n\t\t<\/article>\r\n\r\n\t\t\t\t<article class=\"premium-blog-post-outer-container\" data-total=\"5\">\r\n\t\t\t<div class=\"premium-blog-post-container premium-blog-skin-classic\">\r\n\t\t\t\t\t\t\t\t\t\t\t\t<div class=\"premium-blog-content-wrapper empty-thumb\">\r\n\r\n\t\t\t\t\t<div class=\"premium-blog-inner-container\">\r\n\r\n\t\t\t\t\t\t\t\t\t\t\t\t\t\t<h2 class=\"premium-blog-entry-title\">\r\n\t\t\t<a href=\"https:\/\/www.comverga.com\/int\/cs\/comverga-at-mwc-2025-in-barcelona\/\" target=\"_blank\">\r\n\t\t\t\tCOMVERGA na MWC 2025 v Barcelon\u011b\t\t\t<\/a>\r\n\t\t<\/h2>\r\n\t\t\t\t<div class=\"premium-blog-entry-meta\">\r\n\t\t\t\r\n\t\t\t\t\t\t\t<span class=\"premium-blog-meta-separator\">\u2022<\/span>\r\n\t\t\t\t<div class=\"premium-blog-post-time premium-blog-meta-data\">\r\n\t\t\t\t\t<i class=\"fa fa-calendar-alt\" aria-hidden=\"true\"><\/i>\r\n\t\t\t\t\t<span>3 b\u0159ezna, 2025<\/span>\r\n\t\t\t\t<\/div>\r\n\t\t\t\r\n\t\t\t\r\n\t\t\t\t\t<\/div>\r\n\t\t\r\n\t\t\t\t\t<\/div>\r\n\r\n\t\t\t\t\t\t\t<div class=\"premium-blog-content-inner-wrapper\">\r\n\t\t<p class=\"premium-blog-post-content\">COMVERGA se i letos op\u011bt z\u00fa\u010dastnila presti\u017en\u00edho veletrhu Mobile World Congress 2025 v Barcelon\u011b. Na\u0161\u00edm c\u00edlem bylo nejen nav\u00e1zat nov\u00e1 partnerstv\u00ed a roz\u0161\u00ed\u0159it s\u00edt kontakt\u016f, ale tak\u00e9 diskutovat s p\u0159edn\u00edmi glob\u00e1ln\u00edmi l\u00eddry v oblasti technologick\u00fdch inovac\u00ed v telekomunikac\u00edch.<\/p><div class=\"premium-blog-excerpt-link-wrap\"><a href=\"https:\/\/www.comverga.com\/int\/cs\/comverga-at-mwc-2025-in-barcelona\/\" target=\"_blank\" class=\"premium-blog-excerpt-link elementor-button\">V\u00edce<\/a><\/div>\t\t<\/div>\r\n\t\t\t\t\t\t\t\t\t\t\t\t\t<div class=\"premium-blog-post-tags-container\">\r\n\t\t\t\t\t\t\t\t<i class=\"fa fa-tags fa-fw\" aria-hidden=\"true\"><\/i>\r\n\t\t\t\t\t\t\t\t <a href=\"https:\/\/www.comverga.com\/int\/cs\/tag\/barcelona-spain\/\" rel=\"tag\">Barcelona, \u0160pan\u011blsko<\/a>\t\t\t\t\t\t<\/div>\r\n\t\t\t\t\t\r\n\t\t\t\t<\/div>\r\n\t\t\t<\/div>\r\n\t\t<\/article>\r\n\r\n\t\t\t\t<\/div>\r\n\r\n\t\t\t\t<div class=\"premium-blog-footer\">\r\n\t\t\t\t\t\t<nav class=\"premium-blog-pagination-container\" role=\"navigation\" aria-label=\"Pagination\">\r\n\t\t\t\t<span aria-current=\"page\" class=\"page-numbers current\">1<\/span>\n<a class=\"page-numbers\" href=\"https:\/\/www.comverga.com\/int\/cs\/wp-json\/wp\/v2\/pages\/2806\/page\/2\/\">2<\/a>\n<a class=\"page-numbers\" href=\"https:\/\/www.comverga.com\/int\/cs\/wp-json\/wp\/v2\/pages\/2806\/page\/3\/\">3<\/a>\n<span class=\"page-numbers dots\">&hellip;<\/span>\n<a class=\"page-numbers\" href=\"https:\/\/www.comverga.com\/int\/cs\/wp-json\/wp\/v2\/pages\/2806\/page\/5\/\">5<\/a>\n<a class=\"next page-numbers\" href=\"https:\/\/www.comverga.com\/int\/cs\/wp-json\/wp\/v2\/pages\/2806\/page\/2\/\">Dal\u0161\u00ed \u00bb<\/a>\t\t\t<\/nav>\r\n\t\t\t\t\t<\/div>\r\n\t\t\t\t\t<\/div>\n\t\t\t\t<\/div>\n\t\t\t\t\t<\/div>\n\t\t<\/div>\n\t\t\t\t\t\t\t<\/div>\n\t\t<\/section>\n\t\t\t\t\t\t\t<\/div>","protected":false},"excerpt":{"rendered":"<p>CAMPERSIM opens up unlimited Internet possibilities on the go(also thanks to the COMVERGA solution) \u2022 September 1, 2023 CAMPERSIM by ProVerDa GmbH is another project running on the COMVERGA platform. More \u00bb Germany COMVERGA launches first RBM pilot campaign \u2022 August 29, 2023 COMVERGA was one of the first to connect commercially to the networks [&hellip;]<\/p>","protected":false},"author":1,"featured_media":230,"parent":0,"menu_order":0,"comment_status":"closed","ping_status":"closed","template":"","meta":{"footnotes":""},"_links":{"self":[{"href":"https:\/\/www.comverga.com\/int\/cs\/wp-json\/wp\/v2\/pages\/2806"}],"collection":[{"href":"https:\/\/www.comverga.com\/int\/cs\/wp-json\/wp\/v2\/pages"}],"about":[{"href":"https:\/\/www.comverga.com\/int\/cs\/wp-json\/wp\/v2\/types\/page"}],"author":[{"embeddable":true,"href":"https:\/\/www.comverga.com\/int\/cs\/wp-json\/wp\/v2\/users\/1"}],"replies":[{"embeddable":true,"href":"https:\/\/www.comverga.com\/int\/cs\/wp-json\/wp\/v2\/comments?post=2806"}],"version-history":[{"count":9,"href":"https:\/\/www.comverga.com\/int\/cs\/wp-json\/wp\/v2\/pages\/2806\/revisions"}],"predecessor-version":[{"id":5880,"href":"https:\/\/www.comverga.com\/int\/cs\/wp-json\/wp\/v2\/pages\/2806\/revisions\/5880"}],"wp:featuredmedia":[{"embeddable":true,"href":"https:\/\/www.comverga.com\/int\/cs\/wp-json\/wp\/v2\/media\/230"}],"wp:attachment":[{"href":"https:\/\/www.comverga.com\/int\/cs\/wp-json\/wp\/v2\/media?parent=2806"}],"curies":[{"name":"wp","href":"https:\/\/api.w.org\/{rel}","templated":true}]}}

<div data-elementor-type="wp-page" data-elementor-id="2806" class="elementor elementor-2806">
									<section class="elementor-section elementor-top-section elementor-element elementor-element-66799f31 elementor-section-boxed elementor-section-height-default elementor-section-height-default" data-id="66799f31" data-element_type="section">
						<div class="elementor-container elementor-column-gap-default">
					<div class="elementor-column elementor-col-100 elementor-top-column elementor-element elementor-element-5f840b91" data-id="5f840b91" data-element_type="column">
			<div class="elementor-widget-wrap elementor-element-populated">
								<div class="elementor-element elementor-element-12e7b8a1 premium-blog-cta-full-yes premium-blog-align-justify elementor-widget elementor-widget-premium-addon-blog" data-id="12e7b8a1" data-element_type="widget" data-settings="{&quot;scroll_to_offset&quot;:&quot;yes&quot;}" data-widget_type="premium-addon-blog.default">
				<div class="elementor-widget-container">
			
				<div class="premium-blog-wrap  premium-blog-list" data-page="2806" data-pagination="true">
					<article class="premium-blog-post-outer-container" data-total="5">
			<div class="premium-blog-post-container premium-blog-skin-classic">
												<div class="premium-blog-content-wrapper empty-thumb">

					<div class="premium-blog-inner-container">

														<h2 class="premium-blog-entry-title">
			<a href="https://www.comverga.com/int/cs/comverga-25-years/" target="_blank">
				COMVERGA 25 let			</a>
		</h2>
				<div class="premium-blog-entry-meta">
			
							<span class="premium-blog-meta-separator">•</span>
				<div class="premium-blog-post-time premium-blog-meta-data">
					<i class="fa fa-calendar-alt" aria-hidden="true"></i>
					<span>8 února, 2026</span>
				</div>
			
			
					</div>
		
					</div>

							<div class="premium-blog-content-inner-wrapper">
		<p class="premium-blog-post-content">Letos společnost COMVERGA slaví 25 let na trhu. Pro nás to není jen oslava výročí – je to pocta čtvrtstoletí inovací, růstu a společných úspěchů.</p><div class="premium-blog-excerpt-link-wrap"><a href="https://www.comverga.com/int/cs/comverga-25-years/" target="_blank" class="premium-blog-excerpt-link elementor-button">Více</a></div>		</div>
													<div class="premium-blog-post-tags-container">
								<i class="fa fa-tags fa-fw" aria-hidden="true"></i>
								 <a href="https://www.comverga.com/int/cs/tag/prague/" rel="tag">Praha</a>						</div>
					
				</div>
			</div>
		</article>

				<article class="premium-blog-post-outer-container" data-total="5">
			<div class="premium-blog-post-container premium-blog-skin-classic">
												<div class="premium-blog-content-wrapper empty-thumb">

					<div class="premium-blog-inner-container">

														<h2 class="premium-blog-entry-title">
			<a href="https://www.comverga.com/int/cs/gammaverse-2026/" target="_blank">
				Gammaverse 2026			</a>
		</h2>
				<div class="premium-blog-entry-meta">
			
							<span class="premium-blog-meta-separator">•</span>
				<div class="premium-blog-post-time premium-blog-meta-data">
					<i class="fa fa-calendar-alt" aria-hidden="true"></i>
					<span>26 ledna, 2026</span>
				</div>
			
			
					</div>
		
					</div>

							<div class="premium-blog-content-inner-wrapper">
		<p class="premium-blog-post-content">Měli jsme tu čest zúčastnit se konference Gammaverse 2026 v německém Hofu, která byla opravdu inspirativní.</p><div class="premium-blog-excerpt-link-wrap"><a href="https://www.comverga.com/int/cs/gammaverse-2026/" target="_blank" class="premium-blog-excerpt-link elementor-button">Více</a></div>		</div>
													<div class="premium-blog-post-tags-container">
								<i class="fa fa-tags fa-fw" aria-hidden="true"></i>
								 <a href="https://www.comverga.com/int/cs/tag/hof-germany/" rel="tag">Hof, Německo</a>						</div>
					
				</div>
			</div>
		</article>

				<article class="premium-blog-post-outer-container" data-total="5">
			<div class="premium-blog-post-container premium-blog-skin-classic">
												<div class="premium-blog-content-wrapper empty-thumb">

					<div class="premium-blog-inner-container">

														<h2 class="premium-blog-entry-title">
			<a href="https://www.comverga.com/int/cs/comverga-and-esim-management/" target="_blank">
				COMVERGA a eSIM Management			</a>
		</h2>
				<div class="premium-blog-entry-meta">
			
							<span class="premium-blog-meta-separator">•</span>
				<div class="premium-blog-post-time premium-blog-meta-data">
					<i class="fa fa-calendar-alt" aria-hidden="true"></i>
					<span>1 října, 2025</span>
				</div>
			
			
					</div>
		
					</div>

							<div class="premium-blog-content-inner-wrapper">
		<p class="premium-blog-post-content">COMVERGA nabízí centrální eSIM platformu, která umožňuje komplexní a flexibilní správu připojení všech zařízení odkudkoli na světě. Poskytuje kompletní řešení včetně white-label platformy, která usnadňuje řízení businessu a integraci do firemních procesů.</p><div class="premium-blog-excerpt-link-wrap"><a href="https://www.comverga.com/int/cs/comverga-and-esim-management/" target="_blank" class="premium-blog-excerpt-link elementor-button">Více</a></div>		</div>
													<div class="premium-blog-post-tags-container">
								<i class="fa fa-tags fa-fw" aria-hidden="true"></i>
								 <a href="https://www.comverga.com/int/cs/tag/czech-republic/" rel="tag">Česká republika</a>						</div>
					
				</div>
			</div>
		</article>

				<article class="premium-blog-post-outer-container" data-total="5">
			<div class="premium-blog-post-container premium-blog-skin-classic">
												<div class="premium-blog-content-wrapper empty-thumb">

					<div class="premium-blog-inner-container">

														<h2 class="premium-blog-entry-title">
			<a href="https://www.comverga.com/int/cs/comverga-at-mwc-2025-in-barcelona/" target="_blank">
				COMVERGA na MWC 2025 v Barceloně			</a>
		</h2>
				<div class="premium-blog-entry-meta">
			
							<span class="premium-blog-meta-separator">•</span>
				<div class="premium-blog-post-time premium-blog-meta-data">
					<i class="fa fa-calendar-alt" aria-hidden="true"></i>
					<span>3 března, 2025</span>
				</div>
			
			
					</div>
		
					</div>

							<div class="premium-blog-content-inner-wrapper">
		<p class="premium-blog-post-content">COMVERGA se i letos opět zúčastnila prestižního veletrhu Mobile World Congress 2025 v Barceloně. Naším cílem bylo nejen navázat nová partnerství a rozšířit sít kontaktů, ale také diskutovat s předními globálními lídry v oblasti technologických inovací v telekomunikacích.</p><div class="premium-blog-excerpt-link-wrap"><a href="https://www.comverga.com/int/cs/comverga-at-mwc-2025-in-barcelona/" target="_blank" class="premium-blog-excerpt-link elementor-button">Více</a></div>		</div>
													<div class="premium-blog-post-tags-container">
								<i class="fa fa-tags fa-fw" aria-hidden="true"></i>
								 <a href="https://www.comverga.com/int/cs/tag/barcelona-spain/" rel="tag">Barcelona, Španělsko</a>						</div>
					
				</div>
			</div>
		</article>

				</div>

				<div class="premium-blog-footer">
						<nav class="premium-blog-pagination-container" role="navigation" aria-label="Pagination">
				<span aria-current="page" class="page-numbers current">1</span>
<a class="page-numbers" href="https://www.comverga.com/int/cs/wp-json/wp/v2/pages/2806/page/2/">2</a>
<a class="page-numbers" href="https://www.comverga.com/int/cs/wp-json/wp/v2/pages/2806/page/3/">3</a>
<span class="page-numbers dots">&hellip;</span>
<a class="page-numbers" href="https://www.comverga.com/int/cs/wp-json/wp/v2/pages/2806/page/5/">5</a>
<a class="next page-numbers" href="https://www.comverga.com/int/cs/wp-json/wp/v2/pages/2806/page/2/">Další »</a>			</nav>
					</div>
					</div>
				</div>
					</div>
		</div>
							</div>
		</section>
							</div>
