{"id":2806,"date":"2023-04-05T09:03:32","date_gmt":"2023-04-05T07:03:32","guid":{"rendered":"https:\/\/www.comverga.com\/?page_id=2806"},"modified":"2024-01-05T09:20:28","modified_gmt":"2024-01-05T09:20:28","slug":"news","status":"publish","type":"page","link":"https:\/\/www.comverga.com\/int\/pl\/news\/","title":{"rendered":"Aktualno\u015bci"},"content":{"rendered":"<div data-elementor-type=\"wp-page\" data-elementor-id=\"2806\" class=\"elementor elementor-2806\">\n\t\t\t\t\t\t\t\t\t<section class=\"elementor-section elementor-top-section elementor-element elementor-element-66799f31 elementor-section-boxed elementor-section-height-default elementor-section-height-default\" data-id=\"66799f31\" data-element_type=\"section\">\n\t\t\t\t\t\t<div class=\"elementor-container elementor-column-gap-default\">\n\t\t\t\t\t<div class=\"elementor-column elementor-col-100 elementor-top-column elementor-element elementor-element-5f840b91\" data-id=\"5f840b91\" data-element_type=\"column\">\n\t\t\t<div class=\"elementor-widget-wrap elementor-element-populated\">\n\t\t\t\t\t\t\t\t<div class=\"elementor-element elementor-element-12e7b8a1 premium-blog-cta-full-yes premium-blog-align-justify elementor-widget elementor-widget-premium-addon-blog\" data-id=\"12e7b8a1\" data-element_type=\"widget\" data-settings=\"{&quot;scroll_to_offset&quot;:&quot;yes&quot;}\" data-widget_type=\"premium-addon-blog.default\">\n\t\t\t\t<div class=\"elementor-widget-container\">\n\t\t\t\r\n\t\t\t\t<div class=\"premium-blog-wrap  premium-blog-list\" data-page=\"2806\" data-pagination=\"true\">\r\n\t\t\t\t\t<article class=\"premium-blog-post-outer-container\" data-total=\"5\">\r\n\t\t\t<div class=\"premium-blog-post-container premium-blog-skin-classic\">\r\n\t\t\t\t\t\t\t\t\t\t\t\t<div class=\"premium-blog-content-wrapper empty-thumb\">\r\n\r\n\t\t\t\t\t<div class=\"premium-blog-inner-container\">\r\n\r\n\t\t\t\t\t\t\t\t\t\t\t\t\t\t<h2 class=\"premium-blog-entry-title\">\r\n\t\t\t<a href=\"https:\/\/www.comverga.com\/int\/pl\/comverga-25-years\/\" target=\"_blank\">\r\n\t\t\t\tCOMVERGA 25 lat\t\t\t<\/a>\r\n\t\t<\/h2>\r\n\t\t\t\t<div class=\"premium-blog-entry-meta\">\r\n\t\t\t\r\n\t\t\t\t\t\t\t<span class=\"premium-blog-meta-separator\">\u2022<\/span>\r\n\t\t\t\t<div class=\"premium-blog-post-time premium-blog-meta-data\">\r\n\t\t\t\t\t<i class=\"fa fa-calendar-alt\" aria-hidden=\"true\"><\/i>\r\n\t\t\t\t\t<span>8 lutego, 2026<\/span>\r\n\t\t\t\t<\/div>\r\n\t\t\t\r\n\t\t\t\r\n\t\t\t\t\t<\/div>\r\n\t\t\r\n\t\t\t\t\t<\/div>\r\n\r\n\t\t\t\t\t\t\t<div class=\"premium-blog-content-inner-wrapper\">\r\n\t\t<p class=\"premium-blog-post-content\">W tym roku firma COMVERGA obchodzi 25-lecie obecno\u015bci na rynku. Dla nas to co\u015b wi\u0119cej ni\u017c tylko upami\u0119tnienie daty \u2013 to uczczenie \u0107wier\u0107wiecza innowacji, rozwoju i wsp\u00f3lnych osi\u0105gni\u0119\u0107.<\/p><div class=\"premium-blog-excerpt-link-wrap\"><a href=\"https:\/\/www.comverga.com\/int\/pl\/comverga-25-years\/\" target=\"_blank\" class=\"premium-blog-excerpt-link elementor-button\">More \u00bb<\/a><\/div>\t\t<\/div>\r\n\t\t\t\t\t\t\t\t\t\t\t\t\t<div class=\"premium-blog-post-tags-container\">\r\n\t\t\t\t\t\t\t\t<i class=\"fa fa-tags fa-fw\" aria-hidden=\"true\"><\/i>\r\n\t\t\t\t\t\t\t\t <a href=\"https:\/\/www.comverga.com\/int\/pl\/tag\/prague\/\" rel=\"tag\">Praga<\/a>\t\t\t\t\t\t<\/div>\r\n\t\t\t\t\t\r\n\t\t\t\t<\/div>\r\n\t\t\t<\/div>\r\n\t\t<\/article>\r\n\r\n\t\t\t\t<article class=\"premium-blog-post-outer-container\" data-total=\"5\">\r\n\t\t\t<div class=\"premium-blog-post-container premium-blog-skin-classic\">\r\n\t\t\t\t\t\t\t\t\t\t\t\t<div class=\"premium-blog-content-wrapper empty-thumb\">\r\n\r\n\t\t\t\t\t<div class=\"premium-blog-inner-container\">\r\n\r\n\t\t\t\t\t\t\t\t\t\t\t\t\t\t<h2 class=\"premium-blog-entry-title\">\r\n\t\t\t<a href=\"https:\/\/www.comverga.com\/int\/pl\/gammaverse-2026\/\" target=\"_blank\">\r\n\t\t\t\tGammaverse 2026\t\t\t<\/a>\r\n\t\t<\/h2>\r\n\t\t\t\t<div class=\"premium-blog-entry-meta\">\r\n\t\t\t\r\n\t\t\t\t\t\t\t<span class=\"premium-blog-meta-separator\">\u2022<\/span>\r\n\t\t\t\t<div class=\"premium-blog-post-time premium-blog-meta-data\">\r\n\t\t\t\t\t<i class=\"fa fa-calendar-alt\" aria-hidden=\"true\"><\/i>\r\n\t\t\t\t\t<span>26 stycznia, 2026<\/span>\r\n\t\t\t\t<\/div>\r\n\t\t\t\r\n\t\t\t\r\n\t\t\t\t\t<\/div>\r\n\t\t\r\n\t\t\t\t\t<\/div>\r\n\r\n\t\t\t\t\t\t\t<div class=\"premium-blog-content-inner-wrapper\">\r\n\t\t<p class=\"premium-blog-post-content\">Mieli\u015bmy zaszczyt uczestniczy\u0107 w konferencji Gammaverse 2026 w Hof w Niemczech i by\u0142o to naprawd\u0119 inspiruj\u0105ce do\u015bwiadczenie.<\/p><div class=\"premium-blog-excerpt-link-wrap\"><a href=\"https:\/\/www.comverga.com\/int\/pl\/gammaverse-2026\/\" target=\"_blank\" class=\"premium-blog-excerpt-link elementor-button\">More \u00bb<\/a><\/div>\t\t<\/div>\r\n\t\t\t\t\t\t\t\t\t\t\t\t\t<div class=\"premium-blog-post-tags-container\">\r\n\t\t\t\t\t\t\t\t<i class=\"fa fa-tags fa-fw\" aria-hidden=\"true\"><\/i>\r\n\t\t\t\t\t\t\t\t <a href=\"https:\/\/www.comverga.com\/int\/pl\/tag\/hof-germany\/\" rel=\"tag\">HOF, Niemcy<\/a>\t\t\t\t\t\t<\/div>\r\n\t\t\t\t\t\r\n\t\t\t\t<\/div>\r\n\t\t\t<\/div>\r\n\t\t<\/article>\r\n\r\n\t\t\t\t<article class=\"premium-blog-post-outer-container\" data-total=\"5\">\r\n\t\t\t<div class=\"premium-blog-post-container premium-blog-skin-classic\">\r\n\t\t\t\t\t\t\t\t\t\t\t\t<div class=\"premium-blog-content-wrapper empty-thumb\">\r\n\r\n\t\t\t\t\t<div class=\"premium-blog-inner-container\">\r\n\r\n\t\t\t\t\t\t\t\t\t\t\t\t\t\t<h2 class=\"premium-blog-entry-title\">\r\n\t\t\t<a href=\"https:\/\/www.comverga.com\/int\/pl\/comverga-and-esim-management\/\" target=\"_blank\">\r\n\t\t\t\tCOMVERGA i zarz\u0105dzanie eSIM\t\t\t<\/a>\r\n\t\t<\/h2>\r\n\t\t\t\t<div class=\"premium-blog-entry-meta\">\r\n\t\t\t\r\n\t\t\t\t\t\t\t<span class=\"premium-blog-meta-separator\">\u2022<\/span>\r\n\t\t\t\t<div class=\"premium-blog-post-time premium-blog-meta-data\">\r\n\t\t\t\t\t<i class=\"fa fa-calendar-alt\" aria-hidden=\"true\"><\/i>\r\n\t\t\t\t\t<span>1 pa\u017adziernika, 2025<\/span>\r\n\t\t\t\t<\/div>\r\n\t\t\t\r\n\t\t\t\r\n\t\t\t\t\t<\/div>\r\n\t\t\r\n\t\t\t\t\t<\/div>\r\n\r\n\t\t\t\t\t\t\t<div class=\"premium-blog-content-inner-wrapper\">\r\n\t\t<p class=\"premium-blog-post-content\">COMVERGA oferuje centraln\u0105 platform\u0119 eSIM, kt\u00f3ra umo\u017cliwia kompleksowe i elastyczne zarz\u0105dzanie po\u0142\u0105czeniami wszystkich urz\u0105dze\u0144 z dowolnego miejsca na \u015bwiecie. Zapewnia kompletne rozwi\u0105zanie, w tym platform\u0119 white label, kt\u00f3ra u\u0142atwia zarz\u0105dzanie biznesem i integracj\u0119 z procesami firmowymi.<\/p><div class=\"premium-blog-excerpt-link-wrap\"><a href=\"https:\/\/www.comverga.com\/int\/pl\/comverga-and-esim-management\/\" target=\"_blank\" class=\"premium-blog-excerpt-link elementor-button\">More \u00bb<\/a><\/div>\t\t<\/div>\r\n\t\t\t\t\t\t\t\t\t\t\t\t\t<div class=\"premium-blog-post-tags-container\">\r\n\t\t\t\t\t\t\t\t<i class=\"fa fa-tags fa-fw\" aria-hidden=\"true\"><\/i>\r\n\t\t\t\t\t\t\t\t <a href=\"https:\/\/www.comverga.com\/int\/pl\/tag\/czech-republic\/\" rel=\"tag\">Republika Czeska<\/a>\t\t\t\t\t\t<\/div>\r\n\t\t\t\t\t\r\n\t\t\t\t<\/div>\r\n\t\t\t<\/div>\r\n\t\t<\/article>\r\n\r\n\t\t\t\t<article class=\"premium-blog-post-outer-container\" data-total=\"5\">\r\n\t\t\t<div class=\"premium-blog-post-container premium-blog-skin-classic\">\r\n\t\t\t\t\t\t\t\t\t\t\t\t<div class=\"premium-blog-content-wrapper empty-thumb\">\r\n\r\n\t\t\t\t\t<div class=\"premium-blog-inner-container\">\r\n\r\n\t\t\t\t\t\t\t\t\t\t\t\t\t\t<h2 class=\"premium-blog-entry-title\">\r\n\t\t\t<a href=\"https:\/\/www.comverga.com\/int\/pl\/comverga-at-mwc-2025-in-barcelona\/\" target=\"_blank\">\r\n\t\t\t\tCOMVERGA na targach MWC 2025 w Barcelonie\t\t\t<\/a>\r\n\t\t<\/h2>\r\n\t\t\t\t<div class=\"premium-blog-entry-meta\">\r\n\t\t\t\r\n\t\t\t\t\t\t\t<span class=\"premium-blog-meta-separator\">\u2022<\/span>\r\n\t\t\t\t<div class=\"premium-blog-post-time premium-blog-meta-data\">\r\n\t\t\t\t\t<i class=\"fa fa-calendar-alt\" aria-hidden=\"true\"><\/i>\r\n\t\t\t\t\t<span>3 marca, 2025<\/span>\r\n\t\t\t\t<\/div>\r\n\t\t\t\r\n\t\t\t\r\n\t\t\t\t\t<\/div>\r\n\t\t\r\n\t\t\t\t\t<\/div>\r\n\r\n\t\t\t\t\t\t\t<div class=\"premium-blog-content-inner-wrapper\">\r\n\t\t<p class=\"premium-blog-post-content\">COMVERGA po raz kolejny wzi\u0119\u0142a udzia\u0142 w presti\u017cowych targach Mobile World Congress 2025 w Barcelonie. Naszym celem by\u0142o nie tylko nawi\u0105zanie nowych partnerstw i poszerzenie sieci kontakt\u00f3w, ale tak\u017ce dyskusja z czo\u0142owymi \u015bwiatowymi liderami innowacji technologicznych w telekomunikacji.<\/p><div class=\"premium-blog-excerpt-link-wrap\"><a href=\"https:\/\/www.comverga.com\/int\/pl\/comverga-at-mwc-2025-in-barcelona\/\" target=\"_blank\" class=\"premium-blog-excerpt-link elementor-button\">More \u00bb<\/a><\/div>\t\t<\/div>\r\n\t\t\t\t\t\t\t\t\t\t\t\t\t<div class=\"premium-blog-post-tags-container\">\r\n\t\t\t\t\t\t\t\t<i class=\"fa fa-tags fa-fw\" aria-hidden=\"true\"><\/i>\r\n\t\t\t\t\t\t\t\t <a href=\"https:\/\/www.comverga.com\/int\/pl\/tag\/barcelona-spain\/\" rel=\"tag\">Barcelona, Hiszpania<\/a>\t\t\t\t\t\t<\/div>\r\n\t\t\t\t\t\r\n\t\t\t\t<\/div>\r\n\t\t\t<\/div>\r\n\t\t<\/article>\r\n\r\n\t\t\t\t<\/div>\r\n\r\n\t\t\t\t<div class=\"premium-blog-footer\">\r\n\t\t\t\t\t\t<nav class=\"premium-blog-pagination-container\" role=\"navigation\" aria-label=\"Pagination\">\r\n\t\t\t\t<span aria-current=\"page\" class=\"page-numbers current\">1<\/span>\n<a class=\"page-numbers\" href=\"https:\/\/www.comverga.com\/int\/pl\/wp-json\/wp\/v2\/pages\/2806\/page\/2\/\">2<\/a>\n<a class=\"page-numbers\" href=\"https:\/\/www.comverga.com\/int\/pl\/wp-json\/wp\/v2\/pages\/2806\/page\/3\/\">3<\/a>\n<span class=\"page-numbers dots\">&hellip;<\/span>\n<a class=\"page-numbers\" href=\"https:\/\/www.comverga.com\/int\/pl\/wp-json\/wp\/v2\/pages\/2806\/page\/5\/\">5<\/a>\n<a class=\"next page-numbers\" href=\"https:\/\/www.comverga.com\/int\/pl\/wp-json\/wp\/v2\/pages\/2806\/page\/2\/\">Nast\u0119pny &quot;<\/a>\t\t\t<\/nav>\r\n\t\t\t\t\t<\/div>\r\n\t\t\t\t\t<\/div>\n\t\t\t\t<\/div>\n\t\t\t\t\t<\/div>\n\t\t<\/div>\n\t\t\t\t\t\t\t<\/div>\n\t\t<\/section>\n\t\t\t\t\t\t\t<\/div>","protected":false},"excerpt":{"rendered":"<p>CAMPERSIM opens up unlimited Internet possibilities on the go(also thanks to the COMVERGA solution) \u2022 September 1, 2023 CAMPERSIM by ProVerDa GmbH is another project running on the COMVERGA platform. More \u00bb Germany COMVERGA launches first RBM pilot campaign \u2022 August 29, 2023 COMVERGA was one of the first to connect commercially to the networks [&hellip;]<\/p>","protected":false},"author":1,"featured_media":230,"parent":0,"menu_order":0,"comment_status":"closed","ping_status":"closed","template":"","meta":{"footnotes":""},"_links":{"self":[{"href":"https:\/\/www.comverga.com\/int\/pl\/wp-json\/wp\/v2\/pages\/2806"}],"collection":[{"href":"https:\/\/www.comverga.com\/int\/pl\/wp-json\/wp\/v2\/pages"}],"about":[{"href":"https:\/\/www.comverga.com\/int\/pl\/wp-json\/wp\/v2\/types\/page"}],"author":[{"embeddable":true,"href":"https:\/\/www.comverga.com\/int\/pl\/wp-json\/wp\/v2\/users\/1"}],"replies":[{"embeddable":true,"href":"https:\/\/www.comverga.com\/int\/pl\/wp-json\/wp\/v2\/comments?post=2806"}],"version-history":[{"count":9,"href":"https:\/\/www.comverga.com\/int\/pl\/wp-json\/wp\/v2\/pages\/2806\/revisions"}],"predecessor-version":[{"id":5880,"href":"https:\/\/www.comverga.com\/int\/pl\/wp-json\/wp\/v2\/pages\/2806\/revisions\/5880"}],"wp:featuredmedia":[{"embeddable":true,"href":"https:\/\/www.comverga.com\/int\/pl\/wp-json\/wp\/v2\/media\/230"}],"wp:attachment":[{"href":"https:\/\/www.comverga.com\/int\/pl\/wp-json\/wp\/v2\/media?parent=2806"}],"curies":[{"name":"wp","href":"https:\/\/api.w.org\/{rel}","templated":true}]}}

Aktualności

<div data-elementor-type="wp-page" data-elementor-id="2806" class="elementor elementor-2806">
									<section class="elementor-section elementor-top-section elementor-element elementor-element-66799f31 elementor-section-boxed elementor-section-height-default elementor-section-height-default" data-id="66799f31" data-element_type="section">
						<div class="elementor-container elementor-column-gap-default">
					<div class="elementor-column elementor-col-100 elementor-top-column elementor-element elementor-element-5f840b91" data-id="5f840b91" data-element_type="column">
			<div class="elementor-widget-wrap elementor-element-populated">
								<div class="elementor-element elementor-element-12e7b8a1 premium-blog-cta-full-yes premium-blog-align-justify elementor-widget elementor-widget-premium-addon-blog" data-id="12e7b8a1" data-element_type="widget" data-settings="{&quot;scroll_to_offset&quot;:&quot;yes&quot;}" data-widget_type="premium-addon-blog.default">
				<div class="elementor-widget-container">
			
				<div class="premium-blog-wrap  premium-blog-list" data-page="2806" data-pagination="true">
					<article class="premium-blog-post-outer-container" data-total="5">
			<div class="premium-blog-post-container premium-blog-skin-classic">
												<div class="premium-blog-content-wrapper empty-thumb">

					<div class="premium-blog-inner-container">

														<h2 class="premium-blog-entry-title">
			<a href="https://www.comverga.com/int/pl/comverga-25-years/" target="_blank">
				COMVERGA 25 lat			</a>
		</h2>
				<div class="premium-blog-entry-meta">
			
							<span class="premium-blog-meta-separator">•</span>
				<div class="premium-blog-post-time premium-blog-meta-data">
					<i class="fa fa-calendar-alt" aria-hidden="true"></i>
					<span>8 lutego, 2026</span>
				</div>
			
			
					</div>
		
					</div>

							<div class="premium-blog-content-inner-wrapper">
		<p class="premium-blog-post-content">W tym roku firma COMVERGA obchodzi 25-lecie obecności na rynku. Dla nas to coś więcej niż tylko upamiętnienie daty – to uczczenie ćwierćwiecza innowacji, rozwoju i wspólnych osiągnięć.</p><div class="premium-blog-excerpt-link-wrap"><a href="https://www.comverga.com/int/pl/comverga-25-years/" target="_blank" class="premium-blog-excerpt-link elementor-button">More »</a></div>		</div>
													<div class="premium-blog-post-tags-container">
								<i class="fa fa-tags fa-fw" aria-hidden="true"></i>
								 <a href="https://www.comverga.com/int/pl/tag/prague/" rel="tag">Praga</a>						</div>
					
				</div>
			</div>
		</article>

				<article class="premium-blog-post-outer-container" data-total="5">
			<div class="premium-blog-post-container premium-blog-skin-classic">
												<div class="premium-blog-content-wrapper empty-thumb">

					<div class="premium-blog-inner-container">

														<h2 class="premium-blog-entry-title">
			<a href="https://www.comverga.com/int/pl/gammaverse-2026/" target="_blank">
				Gammaverse 2026			</a>
		</h2>
				<div class="premium-blog-entry-meta">
			
							<span class="premium-blog-meta-separator">•</span>
				<div class="premium-blog-post-time premium-blog-meta-data">
					<i class="fa fa-calendar-alt" aria-hidden="true"></i>
					<span>26 stycznia, 2026</span>
				</div>
			
			
					</div>
		
					</div>

							<div class="premium-blog-content-inner-wrapper">
		<p class="premium-blog-post-content">Mieliśmy zaszczyt uczestniczyć w konferencji Gammaverse 2026 w Hof w Niemczech i było to naprawdę inspirujące doświadczenie.</p><div class="premium-blog-excerpt-link-wrap"><a href="https://www.comverga.com/int/pl/gammaverse-2026/" target="_blank" class="premium-blog-excerpt-link elementor-button">More »</a></div>		</div>
													<div class="premium-blog-post-tags-container">
								<i class="fa fa-tags fa-fw" aria-hidden="true"></i>
								 <a href="https://www.comverga.com/int/pl/tag/hof-germany/" rel="tag">HOF, Niemcy</a>						</div>
					
				</div>
			</div>
		</article>

				<article class="premium-blog-post-outer-container" data-total="5">
			<div class="premium-blog-post-container premium-blog-skin-classic">
												<div class="premium-blog-content-wrapper empty-thumb">

					<div class="premium-blog-inner-container">

														<h2 class="premium-blog-entry-title">
			<a href="https://www.comverga.com/int/pl/comverga-and-esim-management/" target="_blank">
				COMVERGA i zarządzanie eSIM			</a>
		</h2>
				<div class="premium-blog-entry-meta">
			
							<span class="premium-blog-meta-separator">•</span>
				<div class="premium-blog-post-time premium-blog-meta-data">
					<i class="fa fa-calendar-alt" aria-hidden="true"></i>
					<span>1 października, 2025</span>
				</div>
			
			
					</div>
		
					</div>

							<div class="premium-blog-content-inner-wrapper">
		<p class="premium-blog-post-content">COMVERGA oferuje centralną platformę eSIM, która umożliwia kompleksowe i elastyczne zarządzanie połączeniami wszystkich urządzeń z dowolnego miejsca na świecie. Zapewnia kompletne rozwiązanie, w tym platformę white label, która ułatwia zarządzanie biznesem i integrację z procesami firmowymi.</p><div class="premium-blog-excerpt-link-wrap"><a href="https://www.comverga.com/int/pl/comverga-and-esim-management/" target="_blank" class="premium-blog-excerpt-link elementor-button">More »</a></div>		</div>
													<div class="premium-blog-post-tags-container">
								<i class="fa fa-tags fa-fw" aria-hidden="true"></i>
								 <a href="https://www.comverga.com/int/pl/tag/czech-republic/" rel="tag">Republika Czeska</a>						</div>
					
				</div>
			</div>
		</article>

				<article class="premium-blog-post-outer-container" data-total="5">
			<div class="premium-blog-post-container premium-blog-skin-classic">
												<div class="premium-blog-content-wrapper empty-thumb">

					<div class="premium-blog-inner-container">

														<h2 class="premium-blog-entry-title">
			<a href="https://www.comverga.com/int/pl/comverga-at-mwc-2025-in-barcelona/" target="_blank">
				COMVERGA na targach MWC 2025 w Barcelonie			</a>
		</h2>
				<div class="premium-blog-entry-meta">
			
							<span class="premium-blog-meta-separator">•</span>
				<div class="premium-blog-post-time premium-blog-meta-data">
					<i class="fa fa-calendar-alt" aria-hidden="true"></i>
					<span>3 marca, 2025</span>
				</div>
			
			
					</div>
		
					</div>

							<div class="premium-blog-content-inner-wrapper">
		<p class="premium-blog-post-content">COMVERGA po raz kolejny wzięła udział w prestiżowych targach Mobile World Congress 2025 w Barcelonie. Naszym celem było nie tylko nawiązanie nowych partnerstw i poszerzenie sieci kontaktów, ale także dyskusja z czołowymi światowymi liderami innowacji technologicznych w telekomunikacji.</p><div class="premium-blog-excerpt-link-wrap"><a href="https://www.comverga.com/int/pl/comverga-at-mwc-2025-in-barcelona/" target="_blank" class="premium-blog-excerpt-link elementor-button">More »</a></div>		</div>
													<div class="premium-blog-post-tags-container">
								<i class="fa fa-tags fa-fw" aria-hidden="true"></i>
								 <a href="https://www.comverga.com/int/pl/tag/barcelona-spain/" rel="tag">Barcelona, Hiszpania</a>						</div>
					
				</div>
			</div>
		</article>

				</div>

				<div class="premium-blog-footer">
						<nav class="premium-blog-pagination-container" role="navigation" aria-label="Pagination">
				<span aria-current="page" class="page-numbers current">1</span>
<a class="page-numbers" href="https://www.comverga.com/int/pl/wp-json/wp/v2/pages/2806/page/2/">2</a>
<a class="page-numbers" href="https://www.comverga.com/int/pl/wp-json/wp/v2/pages/2806/page/3/">3</a>
<span class="page-numbers dots">&hellip;</span>
<a class="page-numbers" href="https://www.comverga.com/int/pl/wp-json/wp/v2/pages/2806/page/5/">5</a>
<a class="next page-numbers" href="https://www.comverga.com/int/pl/wp-json/wp/v2/pages/2806/page/2/">Następny &quot;</a>			</nav>
					</div>
					</div>
				</div>
					</div>
		</div>
							</div>
		</section>
							</div>
